{"id":938,"date":"2019-10-28T13:24:32","date_gmt":"2019-10-28T18:24:32","guid":{"rendered":"http:\/\/192.168.20.69:9797\/?page_id=938"},"modified":"2021-02-11T10:34:13","modified_gmt":"2021-02-11T15:34:13","slug":"quienes-somos","status":"publish","type":"page","link":"https:\/\/aboconta.com\/index.php\/quienes-somos\/","title":{"rendered":"Qui\u00e9nes Somos"},"content":{"rendered":"<p>[vc_row css=&#8221;.vc_custom_1577743267073{background-color: #ffffff !important;}&#8221;][vc_column][vc_column_text]Somos una empresa que naci\u00f3 en la ciudad de Cartagena de Indias, el 12 de enero de 1.995, y se constituy\u00f3 con el objeto social de atender diferentes asuntos legales, contables, tributarios e inmobiliarios, trabajando siempre con una filosof\u00eda de honestidad y servicio a la comunidad.[\/vc_column_text][vc_row_inner][vc_column_inner width=&#8221;1\/2&#8243;][vc_icon icon_fontawesome=&#8221;fa fa-flag-checkered&#8221; color=&#8221;custom&#8221; background_style=&#8221;rounded-outline&#8221; size=&#8221;lg&#8221; css_animation=&#8221;bounceInLeft&#8221; custom_color=&#8221;#fe0000&#8243;][vc_custom_heading text=&#8221;MISI\u00d3N&#8221; font_container=&#8221;tag:h2|text_align:left|color:%23011880&#8243; use_theme_fonts=&#8221;yes&#8221; css_animation=&#8221;bounceInDown&#8221;][vc_column_text css_animation=&#8221;fadeIn&#8221;]Asesorar y acompa\u00f1ar integralmente en el \u00e1mbito Jur\u00eddico, Contable, Inmobiliario y de Seguros, a las personas naturales y jur\u00eddicas,contribuyendo en la toma de decisiones acertadas y en la satisfacci\u00f3n de sus necesidades, por medio de un equipo de profesionales \u00e9ticos y competentes; asegurando el crecimiento y desarrollo de nuestros clientes y el de nuestra empresa.[\/vc_column_text][\/vc_column_inner][vc_column_inner width=&#8221;1\/2&#8243;][vc_icon icon_fontawesome=&#8221;fa fa-eye&#8221; color=&#8221;custom&#8221; background_style=&#8221;rounded-outline&#8221; size=&#8221;lg&#8221; css_animation=&#8221;bounceInRight&#8221; custom_color=&#8221;#fe0000&#8243;][vc_custom_heading text=&#8221;VISI\u00d3N&#8221; font_container=&#8221;tag:h2|text_align:left|color:%23011880&#8243; use_theme_fonts=&#8221;yes&#8221; css_animation=&#8221;bounceInDown&#8221;][vc_column_text css_animation=&#8221;fadeIn&#8221;]Ser la empresa l\u00edder en el mercado de servicios de asesor\u00eda y acompa\u00f1amiento en el \u00e1mbito jur\u00eddico, Contable, inmobiliario y de Seguros; posicionada y reconocida por su excelente equipo de profesionales as\u00ed como por la calidad y eficacia de sus servicios.[\/vc_column_text][\/vc_column_inner][\/vc_row_inner][vc_row_inner][vc_column_inner width=&#8221;1\/2&#8243;][vc_icon icon_fontawesome=&#8221;fa fa-certificate&#8221; color=&#8221;custom&#8221; background_style=&#8221;rounded-outline&#8221; size=&#8221;lg&#8221; css_animation=&#8221;bounceInLeft&#8221; custom_color=&#8221;#fe0000&#8243;][vc_custom_heading text=&#8221;POL\u00cdTICAS DE CALIDAD&#8221; font_container=&#8221;tag:h2|text_align:left|color:%23011880&#8243; use_theme_fonts=&#8221;yes&#8221; css_animation=&#8221;bounceInUp&#8221;][vc_column_text css_animation=&#8221;fadeIn&#8221;]Buscamos superar las expectativas de nuestros clientes, ofreciendo servicios de asesor\u00eda y acompa\u00f1amiento de gran calidad en el \u00e1mbito jur\u00eddico, contable, inmobiliario y de seguros, procurando el mejoramiento continuo de nuestros procesos y generando un compromiso del Talento humano que permita mantener el Sistema de gesti\u00f3n de la calidad de ABOCONTA S.A.S.<\/p>\n<p>PREMISAS:<\/p>\n<ul>\n<li>Satisfacci\u00f3n de nuestros clientes.<\/li>\n<li>Innovaci\u00f3n constante<\/li>\n<li>Apertura al cambio<\/li>\n<li>Adecuados sistemas de informaci\u00f3n<\/li>\n<li>Adhesi\u00f3n a la normatividad y principios \u00e9ticos<\/li>\n<\/ul>\n<p>[\/vc_column_text][\/vc_column_inner][vc_column_inner width=&#8221;1\/2&#8243;][vc_icon icon_fontawesome=&#8221;fa fa-universal-access&#8221; color=&#8221;custom&#8221; background_style=&#8221;rounded-outline&#8221; size=&#8221;lg&#8221; css_animation=&#8221;bounceInRight&#8221; custom_color=&#8221;#fe0000&#8243;][vc_custom_heading text=&#8221;FILOSOF\u00cdA&#8221; font_container=&#8221;tag:h2|text_align:left|color:%23011880&#8243; use_theme_fonts=&#8221;yes&#8221; css_animation=&#8221;bounceInUp&#8221;][vc_column_text css_animation=&#8221;fadeIn&#8221;]Nuestra filosof\u00eda\u00a0se basa en cuatro principios fundamentales:<\/p>\n<ul>\n<li>Veracidad<\/li>\n<li>Rectitud<\/li>\n<li>Respeto por la Persona Humana<\/li>\n<li>Acatamiento del ordenamiento legal<\/li>\n<\/ul>\n<p>[\/vc_column_text][\/vc_column_inner][\/vc_row_inner][\/vc_column][\/vc_row][vc_row][vc_column][cf47rs_section_agents title=&#8221;Nuestro Grupo de Trabajo&#8221; data_max_items=&#8221;-1&#8243;][\/vc_column][\/vc_row][vc_row][vc_column][cf47rs_section_partners title=&#8221;Aliados&#8221; data_max_items=&#8221;10&#8243; slides_to_show=&#8221;5&#8243;][\/vc_column][\/vc_row]<\/p>\n","protected":false},"excerpt":{"rendered":"<p>[vc_row css=&#8221;.vc_custom_1577743267073{background-color: #ffffff !important;}&#8221;][vc_column][vc_column_text]Somos una empresa que naci\u00f3 en la ciudad de Cartagena de Indias, el 12 de enero de 1.995, y se constituy\u00f3 con el objeto social de atender diferentes asuntos legales, contables, tributarios e inmobiliarios, trabajando siempre con una filosof\u00eda de honestidad y servicio a la comunidad.[\/vc_column_text][vc_row_inner][vc_column_inner width=&#8221;1\/2&#8243;][vc_icon icon_fontawesome=&#8221;fa fa-flag-checkered&#8221; color=&#8221;custom&#8221; background_style=&#8221;rounded-outline&#8221; size=&#8221;lg&#8221; [&hellip;]<\/p>\n","protected":false},"author":1,"featured_media":0,"parent":0,"menu_order":0,"comment_status":"closed","ping_status":"closed","template":"","meta":{"_joinchat":[],"footnotes":""},"class_list":["post-938","page","type-page","status-publish","hentry"],"_links":{"self":[{"href":"https:\/\/aboconta.com\/index.php\/wp-json\/wp\/v2\/pages\/938","targetHints":{"allow":["GET"]}}],"collection":[{"href":"https:\/\/aboconta.com\/index.php\/wp-json\/wp\/v2\/pages"}],"about":[{"href":"https:\/\/aboconta.com\/index.php\/wp-json\/wp\/v2\/types\/page"}],"author":[{"embeddable":true,"href":"https:\/\/aboconta.com\/index.php\/wp-json\/wp\/v2\/users\/1"}],"replies":[{"embeddable":true,"href":"https:\/\/aboconta.com\/index.php\/wp-json\/wp\/v2\/comments?post=938"}],"version-history":[{"count":84,"href":"https:\/\/aboconta.com\/index.php\/wp-json\/wp\/v2\/pages\/938\/revisions"}],"predecessor-version":[{"id":2918,"href":"https:\/\/aboconta.com\/index.php\/wp-json\/wp\/v2\/pages\/938\/revisions\/2918"}],"wp:attachment":[{"href":"https:\/\/aboconta.com\/index.php\/wp-json\/wp\/v2\/media?parent=938"}],"curies":[{"name":"wp","href":"https:\/\/api.w.org\/{rel}","templated":true}]}}